{"id":89075,"date":"2025-09-23T08:52:03","date_gmt":"2025-09-23T08:52:03","guid":{"rendered":"https:\/\/www.lanterne-magique.org\/?post_type=lm_events&#038;p=89075"},"modified":"2025-09-23T08:59:42","modified_gmt":"2025-09-23T08:59:42","slug":"corpi-sensibili-sconfinare-bellinzona-25","status":"publish","type":"lm_events","link":"https:\/\/www.lanterne-magique.org\/it\/events\/corpi-sensibili-sconfinare-bellinzona-25\/","title":{"rendered":"\u00abCorpi sensibili\u00bb al Festival Sconfinare Bellinzona"},"content":{"rendered":"<p>Al Festival Sconfinare di Bellinzona, scopri \u00abCorpi sensibili\u00bb, un programma di cortometraggi sul tema del corpo e su come esso possa raccontare una storia, anche senza ricorrere alla parola!<\/p>\n<p><strong>Domenica 12 ottobre, alle 14.00<br \/>\nPiazza del Sole, Bellinzona<br \/>\nDurata del programma: 1h15<br \/>\nProiezione aperta a tutta la famiglia. Entrata libera.<\/strong><\/p>\n<p>Al cinema come nella vita, il corpo pu\u00f2 esprimere un sacco di cose: rabbrividendo per la paura o avendo la pelle d\u2019oca per lo stupore, rivela quello che sentiamo e pensiamo. Il nostro corpo si muove: pu\u00f2 correre, ballare, giocare&#8230; A volte il nostro corpo cambia: pu\u00f2 ammalarsi o non fare pi\u00f9 quello che gli chiediamo. Possiamo persino avere l&#8217;impressione che non ci appartenga pi\u00f9. E poi&#8230; Cosa rivela il nostro corpo sulla nostra identit\u00e0? \u00c8 l&#8217;immagine che mostriamo agli altri? E ora che passiamo molto tempo davanti agli schermi, siamo sempre gli stessi anche nella vita reale?<\/p>\n","protected":false},"excerpt":{"rendered":"<p>Al Festival Sconfinare di Bellinzona, scopri \u00abCorpi sensibili\u00bb, un programma di cortometraggi sul tema del corpo e su come esso possa raccontare una storia, anche senza ricorrere alla parola!<\/p>\n","protected":false},"author":19,"featured_media":89076,"template":"","class_list":["post-89075","lm_events","type-lm_events","status-publish","has-post-thumbnail","hentry"],"acf":{"start_date":"20251012","date_texte":"Domenica 12 ottobre","location":"Bellinzona","intro":"","subtitle":"\u00abCorpi sensibili\u00bb","bg_color":"bleu","sidebar_title":"","sidebar_content":"","sidebar_image":false},"_links":{"self":[{"href":"https:\/\/www.lanterne-magique.org\/it\/wp-json\/wp\/v2\/lm_events\/89075","targetHints":{"allow":["GET"]}}],"collection":[{"href":"https:\/\/www.lanterne-magique.org\/it\/wp-json\/wp\/v2\/lm_events"}],"about":[{"href":"https:\/\/www.lanterne-magique.org\/it\/wp-json\/wp\/v2\/types\/lm_events"}],"author":[{"embeddable":true,"href":"https:\/\/www.lanterne-magique.org\/it\/wp-json\/wp\/v2\/users\/19"}],"version-history":[{"count":7,"href":"https:\/\/www.lanterne-magique.org\/it\/wp-json\/wp\/v2\/lm_events\/89075\/revisions"}],"predecessor-version":[{"id":89869,"href":"https:\/\/www.lanterne-magique.org\/it\/wp-json\/wp\/v2\/lm_events\/89075\/revisions\/89869"}],"wp:featuredmedia":[{"embeddable":true,"href":"https:\/\/www.lanterne-magique.org\/it\/wp-json\/wp\/v2\/media\/89076"}],"wp:attachment":[{"href":"https:\/\/www.lanterne-magique.org\/it\/wp-json\/wp\/v2\/media?parent=89075"}],"curies":[{"name":"wp","href":"https:\/\/api.w.org\/{rel}","templated":true}]}}

<p>Al Festival Sconfinare di Bellinzona, scopri «Corpi sensibili», un programma di cortometraggi sul tema del corpo e su come esso possa raccontare una storia, anche senza ricorrere alla parola!</p>
<p><strong>Domenica 12 ottobre, alle 14.00<br />
Piazza del Sole, Bellinzona<br />
Durata del programma: 1h15<br />
Proiezione aperta a tutta la famiglia. Entrata libera.</strong></p>
<p>Al cinema come nella vita, il corpo può esprimere un sacco di cose: rabbrividendo per la paura o avendo la pelle d’oca per lo stupore, rivela quello che sentiamo e pensiamo. Il nostro corpo si muove: può correre, ballare, giocare&#8230; A volte il nostro corpo cambia: può ammalarsi o non fare più quello che gli chiediamo. Possiamo persino avere l&#8217;impressione che non ci appartenga più. E poi&#8230; Cosa rivela il nostro corpo sulla nostra identità? È l&#8217;immagine che mostriamo agli altri? E ora che passiamo molto tempo davanti agli schermi, siamo sempre gli stessi anche nella vita reale?</p>
