{"id":87951,"date":"2025-02-13T11:53:58","date_gmt":"2025-02-13T11:53:58","guid":{"rendered":"https:\/\/www.lanterne-magique.org\/?post_type=lm_events&#038;p=87951"},"modified":"2025-02-13T12:03:56","modified_gmt":"2025-02-13T12:03:56","slug":"sauvages-25","status":"publish","type":"lm_events","link":"https:\/\/www.lanterne-magique.org\/it\/events\/sauvages-25\/","title":{"rendered":"\u00abSauvages\u00bb"},"content":{"rendered":"<p><span lang=\"IT\">Sull&#8217;isola del Borneo, K\u00e9ria accoglie un cucciolo di orango trovato nella piantagione di palme dove lavora suo padre. Mentre si prende cura della scimmietta, suo cugino Sela\u00ef viene a rifugiarsi nella loro casa per sfuggire al conflitto tra la sua famiglia e le compagnie forestali. Insieme, K\u00e9ria, Sela\u00ef e il cucciolo di orango Oshi combattono contro la distruzione della loro foresta pluviale ancestrale. Una favola ecologica intelligente e divertente che ci incoraggia a proteggere la natura!<\/span><\/p>\n<p><em><span lang=\"IT\">Claude Barras, <\/span><\/em><i><span lang=\"IT\">Svizzera\/Francia\/Belgio<em>, 2024, 1h27<\/em><\/span><\/i><\/p>\n<p>&nbsp;<\/p>\n<div style=\"padding: 56.25% 0 0 0; position: relative;\"><iframe style=\"position: absolute; top: 0; left: 0; width: 100%; height: 100%;\" title=\"YouTube video player\" src=\"https:\/\/www.youtube.com\/embed\/DDL6ltV1c6E?si=wkp23TczMqm1T7ch\" frameborder=\"0\" allowfullscreen=\"allowfullscreen\"><span data-mce-type=\"bookmark\" style=\"display: inline-block; width: 0px; overflow: hidden; line-height: 0;\" class=\"mce_SELRES_start\">\ufeff<\/span><span data-mce-type=\"bookmark\" style=\"display: inline-block; width: 0px; overflow: hidden; line-height: 0;\" class=\"mce_SELRES_start\">\ufeff<\/span><span data-mce-type=\"bookmark\" style=\"display: inline-block; width: 0px; overflow: hidden; line-height: 0;\" class=\"mce_SELRES_start\">\ufeff<\/span><span data-mce-type=\"bookmark\" style=\"display: inline-block; width: 0px; overflow: hidden; line-height: 0;\" class=\"mce_SELRES_start\">\ufeff<\/span><span data-mce-type=\"bookmark\" style=\"display: inline-block; width: 0px; overflow: hidden; line-height: 0;\" class=\"mce_SELRES_start\">\ufeff<\/span><span data-mce-type=\"bookmark\" style=\"display: inline-block; width: 0px; overflow: hidden; line-height: 0;\" class=\"mce_SELRES_start\">\ufeff<\/span><span data-mce-type=\"bookmark\" style=\"display: inline-block; width: 0px; overflow: hidden; line-height: 0;\" class=\"mce_SELRES_start\">\ufeff<\/span><span data-mce-type=\"bookmark\" style=\"display: inline-block; width: 0px; overflow: hidden; line-height: 0;\" class=\"mce_SELRES_start\">\ufeff<\/span><span data-mce-type=\"bookmark\" style=\"display: inline-block; width: 0px; overflow: hidden; line-height: 0;\" class=\"mce_SELRES_start\">\ufeff<\/span><span data-mce-type=\"bookmark\" style=\"display: inline-block; width: 0px; overflow: hidden; line-height: 0;\" class=\"mce_SELRES_start\">\ufeff<\/span><span data-mce-type=\"bookmark\" style=\"display: inline-block; width: 0px; overflow: hidden; line-height: 0;\" class=\"mce_SELRES_start\">\ufeff<\/span><span data-mce-type=\"bookmark\" style=\"display: inline-block; width: 0px; overflow: hidden; line-height: 0;\" class=\"mce_SELRES_start\">\ufeff<\/span><span data-mce-type=\"bookmark\" style=\"display: inline-block; width: 0px; overflow: hidden; line-height: 0;\" class=\"mce_SELRES_start\">\ufeff<\/span><span data-mce-type=\"bookmark\" style=\"display: inline-block; width: 0px; overflow: hidden; line-height: 0;\" class=\"mce_SELRES_start\">\ufeff<\/span><\/iframe><\/div>\n","protected":false},"excerpt":{"rendered":"<p>Scorpi al cinema \u201cSauvages\u201d del regista svizzero Claude Barras, di cui forse ha gi\u00e0 visto il precedente film \u201cLa mia vita da Zucchina\u201d!<\/p>\n","protected":false},"author":15,"featured_media":84607,"template":"","class_list":["post-87951","lm_events","type-lm_events","status-publish","has-post-thumbnail","hentry"],"acf":{"start_date":"20250220","date_texte":"Da gioved\u00ec 20 febbraio","location":"sugli schermi della Svizzera italiana","intro":"Scorpi al cinema \u201cSauvages\u201d del regista svizzero Claude Barras, di cui forse ha gi\u00e0 visto il precedente film \u201cLa mia vita da Zucchina\u201d!","subtitle":"","bg_color":"jaune","sidebar_title":"","sidebar_content":"","sidebar_image":false},"_links":{"self":[{"href":"https:\/\/www.lanterne-magique.org\/it\/wp-json\/wp\/v2\/lm_events\/87951","targetHints":{"allow":["GET"]}}],"collection":[{"href":"https:\/\/www.lanterne-magique.org\/it\/wp-json\/wp\/v2\/lm_events"}],"about":[{"href":"https:\/\/www.lanterne-magique.org\/it\/wp-json\/wp\/v2\/types\/lm_events"}],"author":[{"embeddable":true,"href":"https:\/\/www.lanterne-magique.org\/it\/wp-json\/wp\/v2\/users\/15"}],"version-history":[{"count":6,"href":"https:\/\/www.lanterne-magique.org\/it\/wp-json\/wp\/v2\/lm_events\/87951\/revisions"}],"predecessor-version":[{"id":87957,"href":"https:\/\/www.lanterne-magique.org\/it\/wp-json\/wp\/v2\/lm_events\/87951\/revisions\/87957"}],"wp:featuredmedia":[{"embeddable":true,"href":"https:\/\/www.lanterne-magique.org\/it\/wp-json\/wp\/v2\/media\/84607"}],"wp:attachment":[{"href":"https:\/\/www.lanterne-magique.org\/it\/wp-json\/wp\/v2\/media?parent=87951"}],"curies":[{"name":"wp","href":"https:\/\/api.w.org\/{rel}","templated":true}]}}

<p><span lang="IT">Sull&#8217;isola del Borneo, Kéria accoglie un cucciolo di orango trovato nella piantagione di palme dove lavora suo padre. Mentre si prende cura della scimmietta, suo cugino Selaï viene a rifugiarsi nella loro casa per sfuggire al conflitto tra la sua famiglia e le compagnie forestali. Insieme, Kéria, Selaï e il cucciolo di orango Oshi combattono contro la distruzione della loro foresta pluviale ancestrale. Una favola ecologica intelligente e divertente che ci incoraggia a proteggere la natura!</span></p>
<p><em><span lang="IT">Claude Barras, </span></em><i><span lang="IT">Svizzera/Francia/Belgio<em>, 2024, 1h27</em></span></i></p>
<p>&nbsp;</p>
<div style="padding: 56.25% 0 0 0; position: relative;"><iframe style="position: absolute; top: 0; left: 0; width: 100%; height: 100%;" title="YouTube video player" src="https://www.youtube.com/embed/DDL6ltV1c6E?si=wkp23TczMqm1T7ch" frameborder="0" allowfullscreen="allowfullscreen"><span data-mce-type="bookmark" style="display: inline-block; width: 0px; overflow: hidden; line-height: 0;" class="mce_SELRES_start">﻿</span><span data-mce-type="bookmark" style="display: inline-block; width: 0px; overflow: hidden; line-height: 0;" class="mce_SELRES_start">﻿</span><span data-mce-type="bookmark" style="display: inline-block; width: 0px; overflow: hidden; line-height: 0;" class="mce_SELRES_start">﻿</span><span data-mce-type="bookmark" style="display: inline-block; width: 0px; overflow: hidden; line-height: 0;" class="mce_SELRES_start">﻿</span><span data-mce-type="bookmark" style="display: inline-block; width: 0px; overflow: hidden; line-height: 0;" class="mce_SELRES_start">﻿</span><span data-mce-type="bookmark" style="display: inline-block; width: 0px; overflow: hidden; line-height: 0;" class="mce_SELRES_start">﻿</span><span data-mce-type="bookmark" style="display: inline-block; width: 0px; overflow: hidden; line-height: 0;" class="mce_SELRES_start">﻿</span><span data-mce-type="bookmark" style="display: inline-block; width: 0px; overflow: hidden; line-height: 0;" class="mce_SELRES_start">﻿</span><span data-mce-type="bookmark" style="display: inline-block; width: 0px; overflow: hidden; line-height: 0;" class="mce_SELRES_start">﻿</span><span data-mce-type="bookmark" style="display: inline-block; width: 0px; overflow: hidden; line-height: 0;" class="mce_SELRES_start">﻿</span><span data-mce-type="bookmark" style="display: inline-block; width: 0px; overflow: hidden; line-height: 0;" class="mce_SELRES_start">﻿</span><span data-mce-type="bookmark" style="display: inline-block; width: 0px; overflow: hidden; line-height: 0;" class="mce_SELRES_start">﻿</span><span data-mce-type="bookmark" style="display: inline-block; width: 0px; overflow: hidden; line-height: 0;" class="mce_SELRES_start">﻿</span><span data-mce-type="bookmark" style="display: inline-block; width: 0px; overflow: hidden; line-height: 0;" class="mce_SELRES_start">﻿</span></iframe></div>

<p>Scorpi al cinema “Sauvages” del regista svizzero Claude Barras, di cui forse ha già visto il precedente film “La mia vita da Zucchina”!</p>

Da giovedì 20 febbraio

Scorpi al cinema “Sauvages” del regista svizzero Claude Barras, di cui forse ha già visto il precedente film “La mia vita da Zucchina”!
