{"id":89260,"date":"2025-09-03T10:03:57","date_gmt":"2025-09-03T10:03:57","guid":{"rendered":"https:\/\/www.lanterne-magique.org\/?page_id=89260"},"modified":"2025-09-04T08:05:16","modified_gmt":"2025-09-04T08:05:16","slug":"audiowettbewerb-25","status":"publish","type":"page","link":"https:\/\/www.lanterne-magique.org\/de\/audiowettbewerb-25\/","title":{"rendered":"Sag uns, weshalb du das Kino liebst!"},"content":{"rendered":"<p><strong>Anl\u00e4sslich des Kinotags, der am Sonntag, dem 7. September, in \u00fcber 530 Kinos\u00e4len in der Schweiz stattfindet, haben die Zauberlaterne und ProCinema einen gro\u00dfen Zeichenwettbewerb veranstaltet.<\/strong><\/p>\n<p>Viele Kinder, zu denen vielleicht auch du geh\u00f6rst, haben am Wettbewerb \u00abSag uns, weshalb du das Kino liebst!\u00bb teilgenommen. Hier findest du die ausgelosten Beitr\u00e4ge:<\/p>\n<p>&nbsp;<\/p>\n<p><mark><strong>Kuno, 11 Jahre<\/strong><\/mark><\/p>\n<audio class=\"wp-audio-shortcode\" id=\"audio-89260-1\" preload=\"none\" style=\"width: 100%;\" controls=\"controls\"><source type=\"audio\/mpeg\" src=\"https:\/\/www.lanterne-magique.org\/wp-content\/uploads\/2025\/09\/10_Audio-JdCA_51.mp3?_=1\" \/><a href=\"https:\/\/www.lanterne-magique.org\/wp-content\/uploads\/2025\/09\/10_Audio-JdCA_51.mp3\">https:\/\/www.lanterne-magique.org\/wp-content\/uploads\/2025\/09\/10_Audio-JdCA_51.mp3<\/a><\/audio>\n<p>&nbsp;<\/p>\n<p><mark><strong>Theo, 11 Jahre<\/strong><\/mark><\/p>\n<audio class=\"wp-audio-shortcode\" id=\"audio-89260-2\" preload=\"none\" style=\"width: 100%;\" controls=\"controls\"><source type=\"audio\/mpeg\" src=\"https:\/\/www.lanterne-magique.org\/wp-content\/uploads\/2025\/09\/13_Audio-JdCA_18.mp3?_=2\" \/><a href=\"https:\/\/www.lanterne-magique.org\/wp-content\/uploads\/2025\/09\/13_Audio-JdCA_18.mp3\">https:\/\/www.lanterne-magique.org\/wp-content\/uploads\/2025\/09\/13_Audio-JdCA_18.mp3<\/a><\/audio>\n<p>&nbsp;<\/p>\n<p><mark><strong>L\u00e9ane, 10 Jahre<\/strong><\/mark><\/p>\n<audio class=\"wp-audio-shortcode\" id=\"audio-89260-3\" preload=\"none\" style=\"width: 100%;\" controls=\"controls\"><source type=\"audio\/mpeg\" src=\"https:\/\/www.lanterne-magique.org\/wp-content\/uploads\/2025\/09\/16_Audio-JdCA_70.mp3?_=3\" \/><a href=\"https:\/\/www.lanterne-magique.org\/wp-content\/uploads\/2025\/09\/16_Audio-JdCA_70.mp3\">https:\/\/www.lanterne-magique.org\/wp-content\/uploads\/2025\/09\/16_Audio-JdCA_70.mp3<\/a><\/audio>\n<p>&nbsp;<\/p>\n<p><mark><strong>James, 10 Jahre<\/strong><\/mark><\/p>\n<audio class=\"wp-audio-shortcode\" id=\"audio-89260-4\" preload=\"none\" style=\"width: 100%;\" controls=\"controls\"><source type=\"audio\/mpeg\" src=\"https:\/\/www.lanterne-magique.org\/wp-content\/uploads\/2025\/09\/22_Audio-JdCA_47.mp3?_=4\" \/><a href=\"https:\/\/www.lanterne-magique.org\/wp-content\/uploads\/2025\/09\/22_Audio-JdCA_47.mp3\">https:\/\/www.lanterne-magique.org\/wp-content\/uploads\/2025\/09\/22_Audio-JdCA_47.mp3<\/a><\/audio>\n<p>&nbsp;<\/p>\n<p><mark><strong>Cosimo, 11 Jahre<\/strong><\/mark><\/p>\n<audio class=\"wp-audio-shortcode\" id=\"audio-89260-5\" preload=\"none\" style=\"width: 100%;\" controls=\"controls\"><source type=\"audio\/mpeg\" src=\"https:\/\/www.lanterne-magique.org\/wp-content\/uploads\/2025\/09\/24_Audio-JdCA_53.mp3?_=5\" \/><a href=\"https:\/\/www.lanterne-magique.org\/wp-content\/uploads\/2025\/09\/24_Audio-JdCA_53.mp3\">https:\/\/www.lanterne-magique.org\/wp-content\/uploads\/2025\/09\/24_Audio-JdCA_53.mp3<\/a><\/audio>\n<p>&nbsp;<\/p>\n<p><mark><strong>Timeo, 7 Jahre<\/strong><\/mark><\/p>\n<audio class=\"wp-audio-shortcode\" id=\"audio-89260-6\" preload=\"none\" style=\"width: 100%;\" controls=\"controls\"><source type=\"audio\/mpeg\" src=\"https:\/\/www.lanterne-magique.org\/wp-content\/uploads\/2025\/09\/31_Audio-JdCA_32.mp3?_=6\" \/><a href=\"https:\/\/www.lanterne-magique.org\/wp-content\/uploads\/2025\/09\/31_Audio-JdCA_32.mp3\">https:\/\/www.lanterne-magique.org\/wp-content\/uploads\/2025\/09\/31_Audio-JdCA_32.mp3<\/a><\/audio>\n<p>&nbsp;<\/p>\n<p><mark><strong>Sofie, 9 Jahre<\/strong><\/mark><\/p>\n<audio class=\"wp-audio-shortcode\" id=\"audio-89260-7\" preload=\"none\" style=\"width: 100%;\" controls=\"controls\"><source type=\"audio\/mpeg\" src=\"https:\/\/www.lanterne-magique.org\/wp-content\/uploads\/2025\/09\/33_Audio-JdCA_31.mp3?_=7\" \/><a href=\"https:\/\/www.lanterne-magique.org\/wp-content\/uploads\/2025\/09\/33_Audio-JdCA_31.mp3\">https:\/\/www.lanterne-magique.org\/wp-content\/uploads\/2025\/09\/33_Audio-JdCA_31.mp3<\/a><\/audio>\n<p>&nbsp;<\/p>\n<p><mark><strong>Rafael, 8 Jahre<\/strong><\/mark><\/p>\n<audio class=\"wp-audio-shortcode\" id=\"audio-89260-8\" preload=\"none\" style=\"width: 100%;\" controls=\"controls\"><source type=\"audio\/mpeg\" src=\"https:\/\/www.lanterne-magique.org\/wp-content\/uploads\/2025\/09\/35_Audio-JdCA_71.mp3?_=8\" \/><a href=\"https:\/\/www.lanterne-magique.org\/wp-content\/uploads\/2025\/09\/35_Audio-JdCA_71.mp3\">https:\/\/www.lanterne-magique.org\/wp-content\/uploads\/2025\/09\/35_Audio-JdCA_71.mp3<\/a><\/audio>\n<p>&nbsp;<\/p>\n<p><mark><strong>Hilka, 8 Jahre<\/strong><\/mark><\/p>\n<audio class=\"wp-audio-shortcode\" id=\"audio-89260-9\" preload=\"none\" style=\"width: 100%;\" controls=\"controls\"><source type=\"audio\/mpeg\" src=\"https:\/\/www.lanterne-magique.org\/wp-content\/uploads\/2025\/09\/36_Audio-JdCA_50.mp3?_=9\" \/><a href=\"https:\/\/www.lanterne-magique.org\/wp-content\/uploads\/2025\/09\/36_Audio-JdCA_50.mp3\">https:\/\/www.lanterne-magique.org\/wp-content\/uploads\/2025\/09\/36_Audio-JdCA_50.mp3<\/a><\/audio>\n<p>&nbsp;<\/p>\n<p><mark><strong>Louisa, 9 Jahre<\/strong><\/mark><\/p>\n<audio class=\"wp-audio-shortcode\" id=\"audio-89260-10\" preload=\"none\" style=\"width: 100%;\" controls=\"controls\"><source type=\"audio\/mpeg\" src=\"https:\/\/www.lanterne-magique.org\/wp-content\/uploads\/2025\/09\/39_Audio-JdCA_61.mp3?_=10\" \/><a href=\"https:\/\/www.lanterne-magique.org\/wp-content\/uploads\/2025\/09\/39_Audio-JdCA_61.mp3\">https:\/\/www.lanterne-magique.org\/wp-content\/uploads\/2025\/09\/39_Audio-JdCA_61.mp3<\/a><\/audio>\n<div style=\"display: none;\"><a title=\"Ma\u00ef-Ly, 10 Jahre, Vice-Versa 2\" href=\"https:\/\/www.lanterne-magique.org\/wp-content\/uploads\/2024\/09\/concours_dessin-16.jpg\">Slide 16<\/a><br \/>\n<a title=\"Caroline, 12 Jahre, My Hero Academia\" href=\"https:\/\/www.lanterne-magique.org\/wp-content\/uploads\/2024\/09\/concours_dessin-21.jpg\">Slide 21<\/a><br \/>\n<a title=\"Jordan, 11 Jahre, Ducktales\" href=\"https:\/\/www.lanterne-magique.org\/wp-content\/uploads\/2024\/09\/concours_dessin-22.jpg\">Slide 22<\/a><br \/>\n<a title=\"M\u00e9lissa, 10 Jahre, Le Petit Nicolas\" href=\"https:\/\/www.lanterne-magique.org\/wp-content\/uploads\/2024\/09\/concours_dessin-25.jpg\">Slide 25<\/a><br \/>\n<a title=\"Selina, 10 Jahre, Minnie Mouse\" href=\"https:\/\/www.lanterne-magique.org\/wp-content\/uploads\/2024\/09\/concours_dessin-40.jpg\">Slide 40<\/a><br \/>\n<a title=\"Amelie, 10 Jahre, Harry Potter\" href=\"https:\/\/www.lanterne-magique.org\/wp-content\/uploads\/2024\/09\/concours_dessin-50.jpg\">Slide 50<\/a><br \/>\n<a title=\"Ryan, 10 Jahre, Scooby-Doo\" href=\"https:\/\/www.lanterne-magique.org\/wp-content\/uploads\/2024\/09\/concours_dessin-56.jpg\">Slide 56<\/a><br \/>\n<a title=\"Chlo\u00e9, 12 Jahre, Mulan\" href=\"https:\/\/www.lanterne-magique.org\/wp-content\/uploads\/2024\/09\/concours_dessin-67.jpg\">Slide 67<\/a><br \/>\n<a title=\"Noe, 11 Jahre, Garfield\" href=\"https:\/\/www.lanterne-magique.org\/wp-content\/uploads\/2024\/09\/concours_dessin-68.jpg\">Slide 68<\/a><br \/>\n<a title=\"Mathilde, 10 Jahre, Vice-versa 2\" href=\"https:\/\/www.lanterne-magique.org\/wp-content\/uploads\/2024\/09\/concours_dessin-73.jpg\">Slide 73<\/a><br \/>\n<a title=\"Eliza, 11 Jahre, Vice-versa\" href=\"https:\/\/www.lanterne-magique.org\/wp-content\/uploads\/2024\/09\/concours_dessin-77.jpg\">Slide 77<\/a><br \/>\n<a title=\"Gemma, 10 Jahre, Spy x Family Code - White\" href=\"https:\/\/www.lanterne-magique.org\/wp-content\/uploads\/2024\/09\/concours_dessin-78.jpg\">Slide 78<\/a><br \/>\n<a title=\"Mafalda, 11 Jahre, Harry Potter\" href=\"https:\/\/www.lanterne-magique.org\/wp-content\/uploads\/2024\/09\/concours_dessin-82.jpg\">Slide 82<\/a><br \/>\n<a title=\"Mathilde, 10 Jahre, Titeuf\" href=\"https:\/\/www.lanterne-magique.org\/wp-content\/uploads\/2024\/09\/concours_dessin-85.jpg\">Slide 85<\/a><br \/>\n<a title=\"Sofia, 11 Jahre, Totoro\" href=\"https:\/\/www.lanterne-magique.org\/wp-content\/uploads\/2024\/09\/concours_dessin-86.jpg\">Slide 86<\/a><br \/>\n<a title=\"Clarisse, 11 Jahre, Die Melodie des Meeres\" href=\"https:\/\/www.lanterne-magique.org\/wp-content\/uploads\/2024\/09\/concours_dessin-92.jpg\">Slide 92<\/a><br \/>\n<a title=\"Julie, 11 Jahre, Versammlung der niedlichen Anime-Tiere\" href=\"https:\/\/www.lanterne-magique.org\/wp-content\/uploads\/2024\/09\/concours_dessin-93.jpg\">Slide 93<\/a><br \/>\n<a title=\"Lyudmila, 11 Jahre, Inside Out\" href=\"https:\/\/www.lanterne-magique.org\/wp-content\/uploads\/2024\/09\/concours_dessin-102.jpg\">Slide 102<\/a><br \/>\n<a title=\"Adele, 10 Jahre, Minions\" href=\"https:\/\/www.lanterne-magique.org\/wp-content\/uploads\/2024\/09\/concours_dessin-112.jpg\">Slide 112<\/a><br \/>\n<a title=\"Lucien, 10 Jahre, Zarafa\" href=\"https:\/\/www.lanterne-magique.org\/wp-content\/uploads\/2024\/09\/concours_dessin-117.jpg\">Slide 117<\/a><br \/>\n<a title=\"Alexandra, 10 Jahre, La petite sir\u00e8ne\" href=\"https:\/\/www.lanterne-magique.org\/wp-content\/uploads\/2024\/09\/concours_dessin-119.jpg\">Slide 119<\/a><br \/>\n<a title=\"Tim, 10 Jahre, Moi, moche &amp; m\u00e9chant \/ Donald duck\" href=\"https:\/\/www.lanterne-magique.org\/wp-content\/uploads\/2024\/09\/concours_dessin-122.jpg\">Slide 122<\/a><br \/>\n<a title=\"Elettra, 12 Jahre, Kikis kleiner Lieferservice\" href=\"https:\/\/www.lanterne-magique.org\/wp-content\/uploads\/2024\/09\/concours_dessin-123.jpg\">Slide 123<\/a><br \/>\n<a title=\"Lina, 10 Jahre, Lassie\" href=\"https:\/\/www.lanterne-magique.org\/wp-content\/uploads\/2024\/09\/concours_dessin-129.jpg\">Slide 129<\/a><br \/>\n<a title=\"Sienna, 10 Jahre, Chaplin Moderne Zeiten\" href=\"https:\/\/www.lanterne-magique.org\/wp-content\/uploads\/2024\/09\/concours_dessin-139.jpg\">Slide 139<\/a><\/div>\n","protected":false},"excerpt":{"rendered":"<p>Anl\u00e4sslich des Kinotags, der am Sonntag, dem 7. September, in \u00fcber 530 Kinos\u00e4len in der Schweiz stattfindet, haben die Zauberlaterne und ProCinema einen gro\u00dfen Zeichenwettbewerb veranstaltet. Viele Kinder, zu denen vielleicht auch du geh\u00f6rst, haben am Wettbewerb \u00abSag uns, weshalb du das Kino liebst!\u00bb teilgenommen. Hier findest du die ausgelosten Beitr\u00e4ge: &nbsp; Kuno, 11 Jahre [&hellip;]<\/p>\n","protected":false},"author":15,"featured_media":89066,"parent":0,"menu_order":0,"comment_status":"closed","ping_status":"closed","template":"page-article.php","meta":{"_acf_changed":false,"_monsterinsights_skip_tracking":false,"_monsterinsights_sitenote_active":false,"_monsterinsights_sitenote_note":"","_monsterinsights_sitenote_category":0,"footnotes":""},"class_list":["post-89260","page","type-page","status-publish","has-post-thumbnail","hentry"],"acf":{"suptitle":"Audio-Wettbewerb zum Kinotag","intro":"","subtitle":"","bg_color":"saumon","sidebar_title":"","sidebar_content":"","sidebar_image":false},"_links":{"self":[{"href":"https:\/\/www.lanterne-magique.org\/de\/wp-json\/wp\/v2\/pages\/89260","targetHints":{"allow":["GET"]}}],"collection":[{"href":"https:\/\/www.lanterne-magique.org\/de\/wp-json\/wp\/v2\/pages"}],"about":[{"href":"https:\/\/www.lanterne-magique.org\/de\/wp-json\/wp\/v2\/types\/page"}],"author":[{"embeddable":true,"href":"https:\/\/www.lanterne-magique.org\/de\/wp-json\/wp\/v2\/users\/15"}],"replies":[{"embeddable":true,"href":"https:\/\/www.lanterne-magique.org\/de\/wp-json\/wp\/v2\/comments?post=89260"}],"version-history":[{"count":4,"href":"https:\/\/www.lanterne-magique.org\/de\/wp-json\/wp\/v2\/pages\/89260\/revisions"}],"predecessor-version":[{"id":89567,"href":"https:\/\/www.lanterne-magique.org\/de\/wp-json\/wp\/v2\/pages\/89260\/revisions\/89567"}],"wp:featuredmedia":[{"embeddable":true,"href":"https:\/\/www.lanterne-magique.org\/de\/wp-json\/wp\/v2\/media\/89066"}],"wp:attachment":[{"href":"https:\/\/www.lanterne-magique.org\/de\/wp-json\/wp\/v2\/media?parent=89260"}],"curies":[{"name":"wp","href":"https:\/\/api.w.org\/{rel}","templated":true}]}}

<p><strong>Anlässlich des Kinotags, der am Sonntag, dem 7. September, in über 530 Kinosälen in der Schweiz stattfindet, haben die Zauberlaterne und ProCinema einen großen Zeichenwettbewerb veranstaltet.</strong></p>
<p>Viele Kinder, zu denen vielleicht auch du gehörst, haben am Wettbewerb «Sag uns, weshalb du das Kino liebst!» teilgenommen. Hier findest du die ausgelosten Beiträge:</p>
<p>&nbsp;</p>
<p><mark><strong>Kuno, 11 Jahre</strong></mark></p>
<audio class="wp-audio-shortcode" id="audio-89260-1" preload="none" style="width: 100%;" controls="controls"><source type="audio/mpeg" src="https://www.lanterne-magique.org/wp-content/uploads/2025/09/10_Audio-JdCA_51.mp3?_=1" /><a href="https://www.lanterne-magique.org/wp-content/uploads/2025/09/10_Audio-JdCA_51.mp3">https://www.lanterne-magique.org/wp-content/uploads/2025/09/10_Audio-JdCA_51.mp3</a></audio>
<p>&nbsp;</p>
<p><mark><strong>Theo, 11 Jahre</strong></mark></p>
<audio class="wp-audio-shortcode" id="audio-89260-2" preload="none" style="width: 100%;" controls="controls"><source type="audio/mpeg" src="https://www.lanterne-magique.org/wp-content/uploads/2025/09/13_Audio-JdCA_18.mp3?_=2" /><a href="https://www.lanterne-magique.org/wp-content/uploads/2025/09/13_Audio-JdCA_18.mp3">https://www.lanterne-magique.org/wp-content/uploads/2025/09/13_Audio-JdCA_18.mp3</a></audio>
<p>&nbsp;</p>
<p><mark><strong>Léane, 10 Jahre</strong></mark></p>
<audio class="wp-audio-shortcode" id="audio-89260-3" preload="none" style="width: 100%;" controls="controls"><source type="audio/mpeg" src="https://www.lanterne-magique.org/wp-content/uploads/2025/09/16_Audio-JdCA_70.mp3?_=3" /><a href="https://www.lanterne-magique.org/wp-content/uploads/2025/09/16_Audio-JdCA_70.mp3">https://www.lanterne-magique.org/wp-content/uploads/2025/09/16_Audio-JdCA_70.mp3</a></audio>
<p>&nbsp;</p>
<p><mark><strong>James, 10 Jahre</strong></mark></p>
<audio class="wp-audio-shortcode" id="audio-89260-4" preload="none" style="width: 100%;" controls="controls"><source type="audio/mpeg" src="https://www.lanterne-magique.org/wp-content/uploads/2025/09/22_Audio-JdCA_47.mp3?_=4" /><a href="https://www.lanterne-magique.org/wp-content/uploads/2025/09/22_Audio-JdCA_47.mp3">https://www.lanterne-magique.org/wp-content/uploads/2025/09/22_Audio-JdCA_47.mp3</a></audio>
<p>&nbsp;</p>
<p><mark><strong>Cosimo, 11 Jahre</strong></mark></p>
<audio class="wp-audio-shortcode" id="audio-89260-5" preload="none" style="width: 100%;" controls="controls"><source type="audio/mpeg" src="https://www.lanterne-magique.org/wp-content/uploads/2025/09/24_Audio-JdCA_53.mp3?_=5" /><a href="https://www.lanterne-magique.org/wp-content/uploads/2025/09/24_Audio-JdCA_53.mp3">https://www.lanterne-magique.org/wp-content/uploads/2025/09/24_Audio-JdCA_53.mp3</a></audio>
<p>&nbsp;</p>
<p><mark><strong>Timeo, 7 Jahre</strong></mark></p>
<audio class="wp-audio-shortcode" id="audio-89260-6" preload="none" style="width: 100%;" controls="controls"><source type="audio/mpeg" src="https://www.lanterne-magique.org/wp-content/uploads/2025/09/31_Audio-JdCA_32.mp3?_=6" /><a href="https://www.lanterne-magique.org/wp-content/uploads/2025/09/31_Audio-JdCA_32.mp3">https://www.lanterne-magique.org/wp-content/uploads/2025/09/31_Audio-JdCA_32.mp3</a></audio>
<p>&nbsp;</p>
<p><mark><strong>Sofie, 9 Jahre</strong></mark></p>
<audio class="wp-audio-shortcode" id="audio-89260-7" preload="none" style="width: 100%;" controls="controls"><source type="audio/mpeg" src="https://www.lanterne-magique.org/wp-content/uploads/2025/09/33_Audio-JdCA_31.mp3?_=7" /><a href="https://www.lanterne-magique.org/wp-content/uploads/2025/09/33_Audio-JdCA_31.mp3">https://www.lanterne-magique.org/wp-content/uploads/2025/09/33_Audio-JdCA_31.mp3</a></audio>
<p>&nbsp;</p>
<p><mark><strong>Rafael, 8 Jahre</strong></mark></p>
<audio class="wp-audio-shortcode" id="audio-89260-8" preload="none" style="width: 100%;" controls="controls"><source type="audio/mpeg" src="https://www.lanterne-magique.org/wp-content/uploads/2025/09/35_Audio-JdCA_71.mp3?_=8" /><a href="https://www.lanterne-magique.org/wp-content/uploads/2025/09/35_Audio-JdCA_71.mp3">https://www.lanterne-magique.org/wp-content/uploads/2025/09/35_Audio-JdCA_71.mp3</a></audio>
<p>&nbsp;</p>
<p><mark><strong>Hilka, 8 Jahre</strong></mark></p>
<audio class="wp-audio-shortcode" id="audio-89260-9" preload="none" style="width: 100%;" controls="controls"><source type="audio/mpeg" src="https://www.lanterne-magique.org/wp-content/uploads/2025/09/36_Audio-JdCA_50.mp3?_=9" /><a href="https://www.lanterne-magique.org/wp-content/uploads/2025/09/36_Audio-JdCA_50.mp3">https://www.lanterne-magique.org/wp-content/uploads/2025/09/36_Audio-JdCA_50.mp3</a></audio>
<p>&nbsp;</p>
<p><mark><strong>Louisa, 9 Jahre</strong></mark></p>
<audio class="wp-audio-shortcode" id="audio-89260-10" preload="none" style="width: 100%;" controls="controls"><source type="audio/mpeg" src="https://www.lanterne-magique.org/wp-content/uploads/2025/09/39_Audio-JdCA_61.mp3?_=10" /><a href="https://www.lanterne-magique.org/wp-content/uploads/2025/09/39_Audio-JdCA_61.mp3">https://www.lanterne-magique.org/wp-content/uploads/2025/09/39_Audio-JdCA_61.mp3</a></audio>
<div style="display: none;"><a title="Maï-Ly, 10 Jahre, Vice-Versa 2" href="https://www.lanterne-magique.org/wp-content/uploads/2024/09/concours_dessin-16.jpg">Slide 16</a><br />
<a title="Caroline, 12 Jahre, My Hero Academia" href="https://www.lanterne-magique.org/wp-content/uploads/2024/09/concours_dessin-21.jpg">Slide 21</a><br />
<a title="Jordan, 11 Jahre, Ducktales" href="https://www.lanterne-magique.org/wp-content/uploads/2024/09/concours_dessin-22.jpg">Slide 22</a><br />
<a title="Mélissa, 10 Jahre, Le Petit Nicolas" href="https://www.lanterne-magique.org/wp-content/uploads/2024/09/concours_dessin-25.jpg">Slide 25</a><br />
<a title="Selina, 10 Jahre, Minnie Mouse" href="https://www.lanterne-magique.org/wp-content/uploads/2024/09/concours_dessin-40.jpg">Slide 40</a><br />
<a title="Amelie, 10 Jahre, Harry Potter" href="https://www.lanterne-magique.org/wp-content/uploads/2024/09/concours_dessin-50.jpg">Slide 50</a><br />
<a title="Ryan, 10 Jahre, Scooby-Doo" href="https://www.lanterne-magique.org/wp-content/uploads/2024/09/concours_dessin-56.jpg">Slide 56</a><br />
<a title="Chloé, 12 Jahre, Mulan" href="https://www.lanterne-magique.org/wp-content/uploads/2024/09/concours_dessin-67.jpg">Slide 67</a><br />
<a title="Noe, 11 Jahre, Garfield" href="https://www.lanterne-magique.org/wp-content/uploads/2024/09/concours_dessin-68.jpg">Slide 68</a><br />
<a title="Mathilde, 10 Jahre, Vice-versa 2" href="https://www.lanterne-magique.org/wp-content/uploads/2024/09/concours_dessin-73.jpg">Slide 73</a><br />
<a title="Eliza, 11 Jahre, Vice-versa" href="https://www.lanterne-magique.org/wp-content/uploads/2024/09/concours_dessin-77.jpg">Slide 77</a><br />
<a title="Gemma, 10 Jahre, Spy x Family Code - White" href="https://www.lanterne-magique.org/wp-content/uploads/2024/09/concours_dessin-78.jpg">Slide 78</a><br />
<a title="Mafalda, 11 Jahre, Harry Potter" href="https://www.lanterne-magique.org/wp-content/uploads/2024/09/concours_dessin-82.jpg">Slide 82</a><br />
<a title="Mathilde, 10 Jahre, Titeuf" href="https://www.lanterne-magique.org/wp-content/uploads/2024/09/concours_dessin-85.jpg">Slide 85</a><br />
<a title="Sofia, 11 Jahre, Totoro" href="https://www.lanterne-magique.org/wp-content/uploads/2024/09/concours_dessin-86.jpg">Slide 86</a><br />
<a title="Clarisse, 11 Jahre, Die Melodie des Meeres" href="https://www.lanterne-magique.org/wp-content/uploads/2024/09/concours_dessin-92.jpg">Slide 92</a><br />
<a title="Julie, 11 Jahre, Versammlung der niedlichen Anime-Tiere" href="https://www.lanterne-magique.org/wp-content/uploads/2024/09/concours_dessin-93.jpg">Slide 93</a><br />
<a title="Lyudmila, 11 Jahre, Inside Out" href="https://www.lanterne-magique.org/wp-content/uploads/2024/09/concours_dessin-102.jpg">Slide 102</a><br />
<a title="Adele, 10 Jahre, Minions" href="https://www.lanterne-magique.org/wp-content/uploads/2024/09/concours_dessin-112.jpg">Slide 112</a><br />
<a title="Lucien, 10 Jahre, Zarafa" href="https://www.lanterne-magique.org/wp-content/uploads/2024/09/concours_dessin-117.jpg">Slide 117</a><br />
<a title="Alexandra, 10 Jahre, La petite sirène" href="https://www.lanterne-magique.org/wp-content/uploads/2024/09/concours_dessin-119.jpg">Slide 119</a><br />
<a title="Tim, 10 Jahre, Moi, moche &amp; méchant / Donald duck" href="https://www.lanterne-magique.org/wp-content/uploads/2024/09/concours_dessin-122.jpg">Slide 122</a><br />
<a title="Elettra, 12 Jahre, Kikis kleiner Lieferservice" href="https://www.lanterne-magique.org/wp-content/uploads/2024/09/concours_dessin-123.jpg">Slide 123</a><br />
<a title="Lina, 10 Jahre, Lassie" href="https://www.lanterne-magique.org/wp-content/uploads/2024/09/concours_dessin-129.jpg">Slide 129</a><br />
<a title="Sienna, 10 Jahre, Chaplin Moderne Zeiten" href="https://www.lanterne-magique.org/wp-content/uploads/2024/09/concours_dessin-139.jpg">Slide 139</a></div>

<p>Anlässlich des Kinotags, der am Sonntag, dem 7. September, in über 530 Kinosälen in der Schweiz stattfindet, haben die Zauberlaterne und ProCinema einen großen Zeichenwettbewerb veranstaltet. Viele Kinder, zu denen vielleicht auch du gehörst, haben am Wettbewerb «Sag uns, weshalb du das Kino liebst!» teilgenommen. Hier findest du die ausgelosten Beiträge: &nbsp; Kuno, 11 Jahre [&hellip;]</p>
