{"id":84245,"date":"2024-06-26T14:45:29","date_gmt":"2024-06-26T14:45:29","guid":{"rendered":"https:\/\/www.lanterne-magique.org\/?post_type=lm_events&#038;p=84245"},"modified":"2024-06-27T08:20:11","modified_gmt":"2024-06-27T08:20:11","slug":"ich-einfach-unverbesserlich-4-24","status":"publish","type":"lm_events","link":"https:\/\/www.lanterne-magique.org\/de\/events\/ich-einfach-unverbesserlich-4-24\/","title":{"rendered":"\u00abIch &#8211; Einfach unverbesserlich 4\u00bb"},"content":{"rendered":"<p>Der ehemalige Superb\u00f6sewicht Gru verbringt gl\u00fcckliche Tage zusammen mit seiner Lucy, den drei Adoptivt\u00f6chtern Margo, Edith und Agnes und dem kleinen Nachz\u00fcgler Gru Junior. Doch schon bald wird das Familiengl\u00fcck durch einen \u00fcblen B\u00f6sewicht gest\u00f6rt: Maxime, le Mal. Mit Hilfe der fatalen Valentina will sich Maxime an Gru r\u00e4chen. Zum Gl\u00fcck kommen ihm die Minons zu Hilfe! Eine vierte Folge mit noch mehr Action und lustigen Gags!<\/p>\n<p><em>von Chris Renaud und Patricke Delage, USA, 2024, 1h34<\/em><\/p>\n<p>&nbsp;<\/p>\n<div style=\"padding: 56.25% 0 0 0; position: relative;\"><iframe style=\"position: absolute; top: 0; left: 0; width: 100%; height: 100%;\" title=\"YouTube video player\" src=\"https:\/\/www.youtube.com\/embed\/F0eCEbYy9pk?si=fzj36QaS0VsNqLj1\" frameborder=\"0\" allowfullscreen=\"allowfullscreen\"><span data-mce-type=\"bookmark\" style=\"display: inline-block; width: 0px; overflow: hidden; line-height: 0;\" class=\"mce_SELRES_start\">\ufeff<\/span><span data-mce-type=\"bookmark\" style=\"display: inline-block; width: 0px; overflow: hidden; line-height: 0;\" class=\"mce_SELRES_start\">\ufeff<\/span><span data-mce-type=\"bookmark\" style=\"display: inline-block; width: 0px; overflow: hidden; line-height: 0;\" class=\"mce_SELRES_start\">\ufeff<\/span><span data-mce-type=\"bookmark\" style=\"display: inline-block; width: 0px; overflow: hidden; line-height: 0;\" class=\"mce_SELRES_start\">\ufeff<\/span><span data-mce-type=\"bookmark\" style=\"display: inline-block; width: 0px; overflow: hidden; line-height: 0;\" class=\"mce_SELRES_start\">\ufeff<\/span><span data-mce-type=\"bookmark\" style=\"display: inline-block; width: 0px; overflow: hidden; line-height: 0;\" class=\"mce_SELRES_start\">\ufeff<\/span><span data-mce-type=\"bookmark\" style=\"display: inline-block; width: 0px; overflow: hidden; line-height: 0;\" class=\"mce_SELRES_start\">\ufeff<\/span><span data-mce-type=\"bookmark\" style=\"display: inline-block; width: 0px; overflow: hidden; line-height: 0;\" class=\"mce_SELRES_start\">\ufeff<\/span><span data-mce-type=\"bookmark\" style=\"display: inline-block; width: 0px; overflow: hidden; line-height: 0;\" class=\"mce_SELRES_start\">\ufeff<\/span><span data-mce-type=\"bookmark\" style=\"display: inline-block; width: 0px; overflow: hidden; line-height: 0;\" class=\"mce_SELRES_start\">\ufeff<\/span><span data-mce-type=\"bookmark\" style=\"display: inline-block; width: 0px; overflow: hidden; line-height: 0;\" class=\"mce_SELRES_start\">\ufeff<\/span><span data-mce-type=\"bookmark\" style=\"display: inline-block; width: 0px; overflow: hidden; line-height: 0;\" class=\"mce_SELRES_start\">\ufeff<\/span><\/iframe><\/div>\n","protected":false},"excerpt":{"rendered":"<p>Entdecke im Kino \u00abIch &#8211; Einfach unverbesserlich 4\u00bb in dem Gru und die Minions wieder in Aktion treten!<\/p>\n","protected":false},"author":15,"featured_media":84251,"template":"","class_list":["post-84245","lm_events","type-lm_events","status-publish","has-post-thumbnail","hentry"],"acf":{"start_date":"20240704","date_texte":"Ab Donnerstag, 4. Juli","location":"in den Deutschschweizer Kinos","intro":"Entdecke im Kino \u00abIch - Einfach unverbesserlich 4\u00bb in dem Gru und die Minions wieder in Aktion treten!","subtitle":"","bg_color":"saumon","sidebar_title":"","sidebar_content":"","sidebar_image":false},"_links":{"self":[{"href":"https:\/\/www.lanterne-magique.org\/de\/wp-json\/wp\/v2\/lm_events\/84245","targetHints":{"allow":["GET"]}}],"collection":[{"href":"https:\/\/www.lanterne-magique.org\/de\/wp-json\/wp\/v2\/lm_events"}],"about":[{"href":"https:\/\/www.lanterne-magique.org\/de\/wp-json\/wp\/v2\/types\/lm_events"}],"author":[{"embeddable":true,"href":"https:\/\/www.lanterne-magique.org\/de\/wp-json\/wp\/v2\/users\/15"}],"version-history":[{"count":5,"href":"https:\/\/www.lanterne-magique.org\/de\/wp-json\/wp\/v2\/lm_events\/84245\/revisions"}],"predecessor-version":[{"id":84280,"href":"https:\/\/www.lanterne-magique.org\/de\/wp-json\/wp\/v2\/lm_events\/84245\/revisions\/84280"}],"wp:featuredmedia":[{"embeddable":true,"href":"https:\/\/www.lanterne-magique.org\/de\/wp-json\/wp\/v2\/media\/84251"}],"wp:attachment":[{"href":"https:\/\/www.lanterne-magique.org\/de\/wp-json\/wp\/v2\/media?parent=84245"}],"curies":[{"name":"wp","href":"https:\/\/api.w.org\/{rel}","templated":true}]}}

<p>Der ehemalige Superbösewicht Gru verbringt glückliche Tage zusammen mit seiner Lucy, den drei Adoptivtöchtern Margo, Edith und Agnes und dem kleinen Nachzügler Gru Junior. Doch schon bald wird das Familienglück durch einen üblen Bösewicht gestört: Maxime, le Mal. Mit Hilfe der fatalen Valentina will sich Maxime an Gru rächen. Zum Glück kommen ihm die Minons zu Hilfe! Eine vierte Folge mit noch mehr Action und lustigen Gags!</p>
<p><em>von Chris Renaud und Patricke Delage, USA, 2024, 1h34</em></p>
<p>&nbsp;</p>
<div style="padding: 56.25% 0 0 0; position: relative;"><iframe style="position: absolute; top: 0; left: 0; width: 100%; height: 100%;" title="YouTube video player" src="https://www.youtube.com/embed/F0eCEbYy9pk?si=fzj36QaS0VsNqLj1" frameborder="0" allowfullscreen="allowfullscreen"><span data-mce-type="bookmark" style="display: inline-block; width: 0px; overflow: hidden; line-height: 0;" class="mce_SELRES_start">﻿</span><span data-mce-type="bookmark" style="display: inline-block; width: 0px; overflow: hidden; line-height: 0;" class="mce_SELRES_start">﻿</span><span data-mce-type="bookmark" style="display: inline-block; width: 0px; overflow: hidden; line-height: 0;" class="mce_SELRES_start">﻿</span><span data-mce-type="bookmark" style="display: inline-block; width: 0px; overflow: hidden; line-height: 0;" class="mce_SELRES_start">﻿</span><span data-mce-type="bookmark" style="display: inline-block; width: 0px; overflow: hidden; line-height: 0;" class="mce_SELRES_start">﻿</span><span data-mce-type="bookmark" style="display: inline-block; width: 0px; overflow: hidden; line-height: 0;" class="mce_SELRES_start">﻿</span><span data-mce-type="bookmark" style="display: inline-block; width: 0px; overflow: hidden; line-height: 0;" class="mce_SELRES_start">﻿</span><span data-mce-type="bookmark" style="display: inline-block; width: 0px; overflow: hidden; line-height: 0;" class="mce_SELRES_start">﻿</span><span data-mce-type="bookmark" style="display: inline-block; width: 0px; overflow: hidden; line-height: 0;" class="mce_SELRES_start">﻿</span><span data-mce-type="bookmark" style="display: inline-block; width: 0px; overflow: hidden; line-height: 0;" class="mce_SELRES_start">﻿</span><span data-mce-type="bookmark" style="display: inline-block; width: 0px; overflow: hidden; line-height: 0;" class="mce_SELRES_start">﻿</span><span data-mce-type="bookmark" style="display: inline-block; width: 0px; overflow: hidden; line-height: 0;" class="mce_SELRES_start">﻿</span></iframe></div>
