{"id":81699,"date":"2023-08-25T13:21:06","date_gmt":"2023-08-25T13:21:06","guid":{"rendered":"https:\/\/www.lanterne-magique.org\/?post_type=lm_events&#038;p=81699"},"modified":"2024-08-22T15:09:27","modified_gmt":"2024-08-22T15:09:27","slug":"fantoche-23","status":"publish","type":"lm_events","link":"https:\/\/www.lanterne-magique.org\/de\/events\/fantoche-23\/","title":{"rendered":"Die Zauberlaterne am Fantoche"},"content":{"rendered":"<p>Vom 5. bis 10. September findet in Baden wieder das internationale Animationsfilmfestival Fantoche statt. Die Filmprogramme f\u00fcr die 4- bis 7-J\u00e4hrigen und die 8- bis 12-J\u00e4hrigen wurden von der Zauberlaterne und Fantoche gemeinsam ausgew\u00e4hlt.<\/p>\n<p><mark>21. Internationales Festival f\u00fcr Animationsfilm, Baden \/ Schweiz<\/mark><br \/>\n<strong>Vom 5. \u2013 10. September 2023<\/strong><\/p>\n<p>Programm<\/p>\n<ul>\n<li><a href=\"https:\/\/fantoche.ch\/de\/programm\/Kinderfilm-Wettbewerb%201~prg822\">Kinderfilm-Wettbewerb 1<\/a><\/li>\n<li><a href=\"https:\/\/fantoche.ch\/de\/festival\/programm\/Kinderfilm-Wettbewerb-2~prg879\">Kinderfilm-Wettbewerb 2<\/a><\/li>\n<\/ul>\n<p>Zudem w\u00e4hlt und betreut die Zauberlaterne die siebenk\u00f6pfige Kinderjury, welche die beiden Programme Kinderfilmwettbewerb 1 und 2 schaut und danach den &#8222;Best Kids Award&#8220; verleiht. Diese Programme k\u00f6nnen am Mittwoch, 6. und Samstag, 9. September geschaut werden.<\/p>\n<p><strong>Festivalprogramm, Reservationen und Tickets unter <mark><a href=\"https:\/\/fantoche.ch\/de\" target=\"_blank\" rel=\"noopener noreferrer\">www.fantoche.ch<\/a><\/mark><\/strong><\/p>\n","protected":false},"excerpt":{"rendered":"<p>Lass dich von den Kinderprogrammen am Internationalen Festival f\u00fcr Animationsfilm verzaubern\u2026<\/p>\n","protected":false},"author":16,"featured_media":81710,"template":"","class_list":["post-81699","lm_events","type-lm_events","status-publish","has-post-thumbnail","hentry"],"acf":{"start_date":"20230905","date_texte":"5. \u2013 10. September 2023","location":"Baden","intro":"","subtitle":"Lass dich von den Kinderprogrammen am Fantoche verzaubern!","bg_color":"jaune","sidebar_title":"","sidebar_content":"","sidebar_image":false},"_links":{"self":[{"href":"https:\/\/www.lanterne-magique.org\/de\/wp-json\/wp\/v2\/lm_events\/81699","targetHints":{"allow":["GET"]}}],"collection":[{"href":"https:\/\/www.lanterne-magique.org\/de\/wp-json\/wp\/v2\/lm_events"}],"about":[{"href":"https:\/\/www.lanterne-magique.org\/de\/wp-json\/wp\/v2\/types\/lm_events"}],"author":[{"embeddable":true,"href":"https:\/\/www.lanterne-magique.org\/de\/wp-json\/wp\/v2\/users\/16"}],"version-history":[{"count":7,"href":"https:\/\/www.lanterne-magique.org\/de\/wp-json\/wp\/v2\/lm_events\/81699\/revisions"}],"predecessor-version":[{"id":84828,"href":"https:\/\/www.lanterne-magique.org\/de\/wp-json\/wp\/v2\/lm_events\/81699\/revisions\/84828"}],"wp:featuredmedia":[{"embeddable":true,"href":"https:\/\/www.lanterne-magique.org\/de\/wp-json\/wp\/v2\/media\/81710"}],"wp:attachment":[{"href":"https:\/\/www.lanterne-magique.org\/de\/wp-json\/wp\/v2\/media?parent=81699"}],"curies":[{"name":"wp","href":"https:\/\/api.w.org\/{rel}","templated":true}]}}

<p>Vom 5. bis 10. September findet in Baden wieder das internationale Animationsfilmfestival Fantoche statt. Die Filmprogramme für die 4- bis 7-Jährigen und die 8- bis 12-Jährigen wurden von der Zauberlaterne und Fantoche gemeinsam ausgewählt.</p>
<p><mark>21. Internationales Festival für Animationsfilm, Baden / Schweiz</mark><br />
<strong>Vom 5. – 10. September 2023</strong></p>
<p>Programm</p>
<ul>
<li><a href="https://fantoche.ch/de/programm/Kinderfilm-Wettbewerb%201~prg822">Kinderfilm-Wettbewerb 1</a></li>
<li><a href="https://fantoche.ch/de/festival/programm/Kinderfilm-Wettbewerb-2~prg879">Kinderfilm-Wettbewerb 2</a></li>
</ul>
<p>Zudem wählt und betreut die Zauberlaterne die siebenköpfige Kinderjury, welche die beiden Programme Kinderfilmwettbewerb 1 und 2 schaut und danach den &#8222;Best Kids Award&#8220; verleiht. Diese Programme können am Mittwoch, 6. und Samstag, 9. September geschaut werden.</p>
<p><strong>Festivalprogramm, Reservationen und Tickets unter <mark><a href="https://fantoche.ch/de" target="_blank" rel="noopener noreferrer">www.fantoche.ch</a></mark></strong></p>

<p>Lass dich von den Kinderprogrammen am Internationalen Festival für Animationsfilm verzaubern…</p>
