{"id":8148,"date":"2012-08-11T13:20:32","date_gmt":"2012-08-11T13:20:32","guid":{"rendered":"http:\/\/info.lanterne.ch\/?p=8148"},"modified":"2021-08-25T13:15:07","modified_gmt":"2021-08-25T13:15:07","slug":"fantoche-sucht-kinderjury","status":"publish","type":"lm_events","link":"https:\/\/www.lanterne-magique.org\/de\/events\/fantoche-sucht-kinderjury\/","title":{"rendered":"Fantoche sucht Kinderjury"},"content":{"rendered":"<p>Dieses Jahr findet FANTOCHE vom 4. \u2013 9. September 2012 wie gehabt in Baden statt. Um bei der Kinderjury dabei zu sein, musst Du zwischen 8 bis 12 Jahre alt sein und Zeit haben, Dir <strong>am 5. September ab 13.30 Uhr<\/strong> zwei Programme aus grossartigen Kurzfilmen anzuschauen. Mit sechs weiteren Jurymitgliedern w\u00e4hlst Du sodann Euren Lieblingsfilm aus und vergibst am 9. September 2012 einen Preis. Zur Preisverleihung kannst Du sogar Deine ganze Familie mitbringen!<\/p>\n<p><em>Wenn Du bei der Jury mitmachen willst, f\u00fclle bitte <a href=\"http:\/\/info.lanterne.ch\/?p=8128&amp;lang=de\" target=\"_blank\" rel=\"noopener noreferrer\">dieses Formular<\/a> aus und sende es bis zum 20. August 2012 ab.<\/em><\/p>\n<p>Aber auch als \u00abnormaler\u00bb Zuschauer gibt es am FANTOCHE viel f\u00fcr Dich zu entdecken. Die Zauberlaterne hat aus den eingesendeten Filmen zwei fantastische Programme f\u00fcr Euch vorbereitet. Die allerj\u00fcngsten Animationsfans unter Euch werden von aufm\u00fcpfigen Schn\u00fcrsenkeln und einsamen Piraten \u00fcberfallen und die \u00e4lteren Kinder in wunderliche Welten eingeschmuggelt. Zum Jubil\u00e4um des Festivals gibt es ein extra Programm, das Euch die besten Animationsfilme der letzten Jahre pr\u00e4sentiert. Lasst Euch verzaubern!<\/p>\n<p>Mehr Informationen zum Festival findest Du auf <a href=\"http:\/\/www.fantoche.ch\" target=\"_blank\" rel=\"noopener noreferrer\">www.fantoche.ch<\/a><\/p>\n","protected":false},"excerpt":{"rendered":"<p>Dieses Jahr findet FANTOCHE vom 4. \u2013 9. September 2012 wie gehabt in Baden statt. Um bei der Kinderjury dabei zu sein, musst Du zwischen 8 bis 12 Jahre alt sein und Zeit haben, Dir am 5. September ab 13.30 Uhr zwei Programme aus grossartigen Kurzfilmen anzuschauen. Mit sechs weiteren Jurymitgliedern w\u00e4hlst Du sodann Euren [&hellip;]<\/p>\n","protected":false},"author":1,"featured_media":37641,"template":"","class_list":["post-8148","lm_events","type-lm_events","status-publish","has-post-thumbnail","hentry"],"acf":{"start_date":"20120905","date_texte":"Mittwoch, 5. September 2012","location":"Baden","intro":"Begeisterst Du Dich f\u00fcr Animationsfilme und diskutierst gerne? Dann bewirb Dich f\u00fcr die Kinderjury am FANTOCHE \u2013 dem gr\u00f6ssten Festival f\u00fcr Animationsfilme in der Schweiz!","subtitle":"","bg_color":"saumon","sidebar_title":"","sidebar_content":"","sidebar_image":false},"_links":{"self":[{"href":"https:\/\/www.lanterne-magique.org\/de\/wp-json\/wp\/v2\/lm_events\/8148","targetHints":{"allow":["GET"]}}],"collection":[{"href":"https:\/\/www.lanterne-magique.org\/de\/wp-json\/wp\/v2\/lm_events"}],"about":[{"href":"https:\/\/www.lanterne-magique.org\/de\/wp-json\/wp\/v2\/types\/lm_events"}],"author":[{"embeddable":true,"href":"https:\/\/www.lanterne-magique.org\/de\/wp-json\/wp\/v2\/users\/1"}],"version-history":[{"count":3,"href":"https:\/\/www.lanterne-magique.org\/de\/wp-json\/wp\/v2\/lm_events\/8148\/revisions"}],"predecessor-version":[{"id":50392,"href":"https:\/\/www.lanterne-magique.org\/de\/wp-json\/wp\/v2\/lm_events\/8148\/revisions\/50392"}],"wp:featuredmedia":[{"embeddable":true,"href":"https:\/\/www.lanterne-magique.org\/de\/wp-json\/wp\/v2\/media\/37641"}],"wp:attachment":[{"href":"https:\/\/www.lanterne-magique.org\/de\/wp-json\/wp\/v2\/media?parent=8148"}],"curies":[{"name":"wp","href":"https:\/\/api.w.org\/{rel}","templated":true}]}}

<p>Dieses Jahr findet FANTOCHE vom 4. – 9. September 2012 wie gehabt in Baden statt. Um bei der Kinderjury dabei zu sein, musst Du zwischen 8 bis 12 Jahre alt sein und Zeit haben, Dir <strong>am 5. September ab 13.30 Uhr</strong> zwei Programme aus grossartigen Kurzfilmen anzuschauen. Mit sechs weiteren Jurymitgliedern wählst Du sodann Euren Lieblingsfilm aus und vergibst am 9. September 2012 einen Preis. Zur Preisverleihung kannst Du sogar Deine ganze Familie mitbringen!</p>
<p><em>Wenn Du bei der Jury mitmachen willst, fülle bitte <a href="http://info.lanterne.ch/?p=8128&amp;lang=de" target="_blank" rel="noopener noreferrer">dieses Formular</a> aus und sende es bis zum 20. August 2012 ab.</em></p>
<p>Aber auch als «normaler» Zuschauer gibt es am FANTOCHE viel für Dich zu entdecken. Die Zauberlaterne hat aus den eingesendeten Filmen zwei fantastische Programme für Euch vorbereitet. Die allerjüngsten Animationsfans unter Euch werden von aufmüpfigen Schnürsenkeln und einsamen Piraten überfallen und die älteren Kinder in wunderliche Welten eingeschmuggelt. Zum Jubiläum des Festivals gibt es ein extra Programm, das Euch die besten Animationsfilme der letzten Jahre präsentiert. Lasst Euch verzaubern!</p>
<p>Mehr Informationen zum Festival findest Du auf <a href="http://www.fantoche.ch" target="_blank" rel="noopener noreferrer">www.fantoche.ch</a></p>

<p>Dieses Jahr findet FANTOCHE vom 4. – 9. September 2012 wie gehabt in Baden statt. Um bei der Kinderjury dabei zu sein, musst Du zwischen 8 bis 12 Jahre alt sein und Zeit haben, Dir am 5. September ab 13.30 Uhr zwei Programme aus grossartigen Kurzfilmen anzuschauen. Mit sechs weiteren Jurymitgliedern wählst Du sodann Euren [&hellip;]</p>

Begeisterst Du Dich für Animationsfilme und diskutierst gerne? Dann bewirb Dich für die Kinderjury am FANTOCHE – dem grössten Festival für Animationsfilme in der Schweiz!
