{"id":6502,"date":"2011-11-10T09:01:54","date_gmt":"2011-11-10T09:01:54","guid":{"rendered":"http:\/\/info.lanterne.ch\/?p=6502"},"modified":"2021-08-25T13:15:10","modified_gmt":"2021-08-25T13:15:10","slug":"zeichne-das-plakat-deines-lieblingsfilms","status":"publish","type":"lm_events","link":"https:\/\/www.lanterne-magique.org\/de\/events\/zeichne-das-plakat-deines-lieblingsfilms\/","title":{"rendered":"Zeichne das Plakat deines Lieblingsfilms!"},"content":{"rendered":"<h2><img loading=\"lazy\" decoding=\"async\" class=\"alignnone size-full wp-image-6498\" title=\"Concours_2011_1\" src=\"http:\/\/info.lanterne.ch\/wp-content\/uploads\/2011\/11\/Concours_2011_1.jpg\" alt=\"\" width=\"600\" height=\"576\" \/><\/h2>\n<h2>Grosser Zeichenwettbewerb!<\/h2>\n<p>Der Kinderfilmklub Die Zauberlaterne ruft alle Klubmitglieder auf, an einem <a href=\"http:\/\/info.lanterne.ch\/wp-content\/uploads\/2011\/11\/Wettbewerb2011.pdf\" target=\"_blank\" rel=\"noopener noreferrer\">grossen Zeichenwettbewerb<\/a> teilzunehmen. Die Kinder sollen ein Filmplakat gestalten, und zwar zu dem Film, der ihnen in der Zauberlaterne am besten gefallen hat. Das Plakat soll auf einem A4 Blatt im Hochformat angefertigt werden.<\/p>\n<p>Wie bei jedem Filmplakat muss der Titel des gew\u00e4hlten Films draufstehen. Achtung: ganz unten oder auf der R\u00fcckseite des Blattes m\u00fcssen der vollst\u00e4ndige Name, das Alter und die Adresse in gut lesbaren Buchstaben geschrieben sein. Es werden alle Techniken akzeptiert (Farbstift, Wasserfarbe, \u00d6lkreide, Filzstift, Papierschnipsel, Collagen, Computergrafik, etc.).<\/p>\n<p>Eine Jury, bestehend aus Film- und Gestaltungsprofis, wird die gelungensten Plakate pr\u00e4mieren.<\/p>\n<p><strong>Einsendeschluss: 12. M\u00e4rz 2012<br \/>\nAlle Zeichnungen m\u00fcssen an folgende Adresse geschickt werden:<br \/>\nDie Zauberlaterne, Postfach 1676, CH-2001 Neuenburg.<\/strong><\/p>\n<h2>Ein Fest und tolle Preise!<\/h2>\n<p>Alle Preisgewinner des Wettbewerbs werden per Post zu einer sehr filmischen Preisverleihung eingeladen. Das Fest findet am Samstag, den 12. Mai 2012 statt. Der Korrespondenzweg ist ausgeschlossen.<\/p>\n<p><a href=\"http:\/\/www.lilibiggs.ch\" target=\"_blank\" rel=\"noopener noreferrer\"><em>Zusammen mit der Migros und Lilibiggs.<\/em><\/a><\/p>\n<p><a href=\"http:\/\/info.lanterne.ch\/wp-content\/uploads\/2011\/11\/Wettbewerb2011.pdf\" target=\"_blank\" rel=\"noopener noreferrer\"><img loading=\"lazy\" decoding=\"async\" class=\"alignnone size-full wp-image-6509\" title=\"Concours11_D\" src=\"http:\/\/info.lanterne.ch\/wp-content\/uploads\/2011\/11\/Concours11_D.jpg\" alt=\"\" width=\"600\" height=\"851\" \/><\/a><\/p>\n","protected":false},"excerpt":{"rendered":"<p>Grosser Zeichenwettbewerb! Der Kinderfilmklub Die Zauberlaterne ruft alle Klubmitglieder auf, an einem grossen Zeichenwettbewerb teilzunehmen. Die Kinder sollen ein Filmplakat gestalten, und zwar zu dem Film, der ihnen in der Zauberlaterne am besten gefallen hat. Das Plakat soll auf einem A4 Blatt im Hochformat angefertigt werden. Wie bei jedem Filmplakat muss der Titel des gew\u00e4hlten [&hellip;]<\/p>\n","protected":false},"author":1,"featured_media":6498,"template":"","class_list":["post-6502","lm_events","type-lm_events","status-publish","has-post-thumbnail","hentry"],"acf":{"sidebar_title":null,"sidebar_content":null,"sidebar_image":null,"start_date":null,"date_texte":null,"location":null,"intro":null,"subtitle":null,"bg_color":null},"_links":{"self":[{"href":"https:\/\/www.lanterne-magique.org\/de\/wp-json\/wp\/v2\/lm_events\/6502","targetHints":{"allow":["GET"]}}],"collection":[{"href":"https:\/\/www.lanterne-magique.org\/de\/wp-json\/wp\/v2\/lm_events"}],"about":[{"href":"https:\/\/www.lanterne-magique.org\/de\/wp-json\/wp\/v2\/types\/lm_events"}],"author":[{"embeddable":true,"href":"https:\/\/www.lanterne-magique.org\/de\/wp-json\/wp\/v2\/users\/1"}],"version-history":[{"count":1,"href":"https:\/\/www.lanterne-magique.org\/de\/wp-json\/wp\/v2\/lm_events\/6502\/revisions"}],"predecessor-version":[{"id":50400,"href":"https:\/\/www.lanterne-magique.org\/de\/wp-json\/wp\/v2\/lm_events\/6502\/revisions\/50400"}],"wp:featuredmedia":[{"embeddable":true,"href":"https:\/\/www.lanterne-magique.org\/de\/wp-json\/"}],"wp:attachment":[{"href":"https:\/\/www.lanterne-magique.org\/de\/wp-json\/wp\/v2\/media?parent=6502"}],"curies":[{"name":"wp","href":"https:\/\/api.w.org\/{rel}","templated":true}]}}

<h2><img loading="lazy" decoding="async" class="alignnone size-full wp-image-6498" title="Concours_2011_1" src="http://info.lanterne.ch/wp-content/uploads/2011/11/Concours_2011_1.jpg" alt="" width="600" height="576" /></h2>
<h2>Grosser Zeichenwettbewerb!</h2>
<p>Der Kinderfilmklub Die Zauberlaterne ruft alle Klubmitglieder auf, an einem <a href="http://info.lanterne.ch/wp-content/uploads/2011/11/Wettbewerb2011.pdf" target="_blank" rel="noopener noreferrer">grossen Zeichenwettbewerb</a> teilzunehmen. Die Kinder sollen ein Filmplakat gestalten, und zwar zu dem Film, der ihnen in der Zauberlaterne am besten gefallen hat. Das Plakat soll auf einem A4 Blatt im Hochformat angefertigt werden.</p>
<p>Wie bei jedem Filmplakat muss der Titel des gewählten Films draufstehen. Achtung: ganz unten oder auf der Rückseite des Blattes müssen der vollständige Name, das Alter und die Adresse in gut lesbaren Buchstaben geschrieben sein. Es werden alle Techniken akzeptiert (Farbstift, Wasserfarbe, Ölkreide, Filzstift, Papierschnipsel, Collagen, Computergrafik, etc.).</p>
<p>Eine Jury, bestehend aus Film- und Gestaltungsprofis, wird die gelungensten Plakate prämieren.</p>
<p><strong>Einsendeschluss: 12. März 2012<br />
Alle Zeichnungen müssen an folgende Adresse geschickt werden:<br />
Die Zauberlaterne, Postfach 1676, CH-2001 Neuenburg.</strong></p>
<h2>Ein Fest und tolle Preise!</h2>
<p>Alle Preisgewinner des Wettbewerbs werden per Post zu einer sehr filmischen Preisverleihung eingeladen. Das Fest findet am Samstag, den 12. Mai 2012 statt. Der Korrespondenzweg ist ausgeschlossen.</p>
<p><a href="http://www.lilibiggs.ch" target="_blank" rel="noopener noreferrer"><em>Zusammen mit der Migros und Lilibiggs.</em></a></p>
<p><a href="http://info.lanterne.ch/wp-content/uploads/2011/11/Wettbewerb2011.pdf" target="_blank" rel="noopener noreferrer"><img loading="lazy" decoding="async" class="alignnone size-full wp-image-6509" title="Concours11_D" src="http://info.lanterne.ch/wp-content/uploads/2011/11/Concours11_D.jpg" alt="" width="600" height="851" /></a></p>

<p>Grosser Zeichenwettbewerb! Der Kinderfilmklub Die Zauberlaterne ruft alle Klubmitglieder auf, an einem grossen Zeichenwettbewerb teilzunehmen. Die Kinder sollen ein Filmplakat gestalten, und zwar zu dem Film, der ihnen in der Zauberlaterne am besten gefallen hat. Das Plakat soll auf einem A4 Blatt im Hochformat angefertigt werden. Wie bei jedem Filmplakat muss der Titel des gewählten [&hellip;]</p>
