{"id":43393,"date":"2018-10-05T08:08:16","date_gmt":"2018-10-05T08:08:16","guid":{"rendered":"https:\/\/www.lanterne-magique.org\/?post_type=lm_events&#038;p=43393"},"modified":"2021-08-25T13:13:46","modified_gmt":"2021-08-25T13:13:46","slug":"weltfilmtagen-thusis-18","status":"publish","type":"lm_events","link":"https:\/\/www.lanterne-magique.org\/de\/events\/weltfilmtagen-thusis-18\/","title":{"rendered":"\u00abTesoros\u00bb an den Weltfilmtagen Thusis"},"content":{"rendered":"<p><strong>Mittwoch, 31. Oktober 2018<\/strong><br \/>\n13:30, Kino R\u00e4tia Thusis<br \/>\nAb 7 Jahren<br \/>\n<strong>Der Eintritt ist f\u00fcr Kinder und Jugendliche unter 18 Jahren frei dank der Kosten\u00fcbernahme durch den F\u00f6rderverein der Weltfilmtage.<\/strong><br \/>\n<em>Der Film wird von Stephan Kaufmann deutsch eingesprochen.<\/em><\/p>\n<p>Mit diesem bezaubernden Film taucht man ganz in den Alltag der beiden Geschwister Dylan und Andrea und ihre Tr\u00e4ume ein. Die beiden ziehen mit ihren Eltern in ein Strandhaus in Barra de Potosi, einem mexikanischen Dorf an der K\u00fcste des Pazifiks. <\/p>\n<p>Die Kinder werden in das famili\u00e4re K\u00fcstendorf integriert und begeben sich schon bald mit ihren neuen Freunden auf Entdeckungsreise. Denn Dylan denkt, dass er den Geist des Entdeckers Francis Drake gesehen hat. Die Kinder machen sich daraufhin auf die Suche nach einem jahrhundertealten Piratenschatz, finden auf ihrer Reise aber etwas weitaus Wertvolleres.<\/p>\n<p><em>Von Mar\u00eda Novaro, Mexico, 2017, 95&#8242;<\/em><\/p>\n","protected":false},"excerpt":{"rendered":"<p>Die Zauberlaterne l\u00e4dt Gross und Klein an den Weltfilmtagen Thusis ein, um den Film \u00abTesoros\u00bb von LuMar\u00eda Novaro zu entdecken!<\/p>\n","protected":false},"author":8,"featured_media":43394,"template":"","class_list":["post-43393","lm_events","type-lm_events","status-publish","has-post-thumbnail","hentry"],"acf":{"start_date":"20181031","date_texte":"Mittwoch, 31. Oktober 2018","location":"Thusis","intro":"Die Zauberlaterne l\u00e4dt Kindern und Eltern an den Weltfilmtagen Thusis ein, um den Film \u00abTesoros\u00bb von Mar\u00eda Novaro zu entdecken!","subtitle":"\u00abTesoros\u00bb","bg_color":"jaune","sidebar_title":"","sidebar_content":"","sidebar_image":false},"_links":{"self":[{"href":"https:\/\/www.lanterne-magique.org\/de\/wp-json\/wp\/v2\/lm_events\/43393","targetHints":{"allow":["GET"]}}],"collection":[{"href":"https:\/\/www.lanterne-magique.org\/de\/wp-json\/wp\/v2\/lm_events"}],"about":[{"href":"https:\/\/www.lanterne-magique.org\/de\/wp-json\/wp\/v2\/types\/lm_events"}],"author":[{"embeddable":true,"href":"https:\/\/www.lanterne-magique.org\/de\/wp-json\/wp\/v2\/users\/8"}],"version-history":[{"count":12,"href":"https:\/\/www.lanterne-magique.org\/de\/wp-json\/wp\/v2\/lm_events\/43393\/revisions"}],"predecessor-version":[{"id":43675,"href":"https:\/\/www.lanterne-magique.org\/de\/wp-json\/wp\/v2\/lm_events\/43393\/revisions\/43675"}],"wp:featuredmedia":[{"embeddable":true,"href":"https:\/\/www.lanterne-magique.org\/de\/wp-json\/wp\/v2\/media\/43394"}],"wp:attachment":[{"href":"https:\/\/www.lanterne-magique.org\/de\/wp-json\/wp\/v2\/media?parent=43393"}],"curies":[{"name":"wp","href":"https:\/\/api.w.org\/{rel}","templated":true}]}}

<p><strong>Mittwoch, 31. Oktober 2018</strong><br />
13:30, Kino Rätia Thusis<br />
Ab 7 Jahren<br />
<strong>Der Eintritt ist für Kinder und Jugendliche unter 18 Jahren frei dank der Kostenübernahme durch den Förderverein der Weltfilmtage.</strong><br />
<em>Der Film wird von Stephan Kaufmann deutsch eingesprochen.</em></p>
<p>Mit diesem bezaubernden Film taucht man ganz in den Alltag der beiden Geschwister Dylan und Andrea und ihre Träume ein. Die beiden ziehen mit ihren Eltern in ein Strandhaus in Barra de Potosi, einem mexikanischen Dorf an der Küste des Pazifiks. </p>
<p>Die Kinder werden in das familiäre Küstendorf integriert und begeben sich schon bald mit ihren neuen Freunden auf Entdeckungsreise. Denn Dylan denkt, dass er den Geist des Entdeckers Francis Drake gesehen hat. Die Kinder machen sich daraufhin auf die Suche nach einem jahrhundertealten Piratenschatz, finden auf ihrer Reise aber etwas weitaus Wertvolleres.</p>
<p><em>Von María Novaro, Mexico, 2017, 95&#8242;</em></p>

<p>Die Zauberlaterne lädt Gross und Klein an den Weltfilmtagen Thusis ein, um den Film «Tesoros» von LuMaría Novaro zu entdecken!</p>

Die Zauberlaterne lädt Kindern und Eltern an den Weltfilmtagen Thusis ein, um den Film «Tesoros» von María Novaro zu entdecken!
