{"id":26390,"date":"2017-08-16T08:35:37","date_gmt":"2017-08-16T08:35:37","guid":{"rendered":"https:\/\/www.magic-lantern.org\/?p=26390"},"modified":"2021-08-25T13:13:48","modified_gmt":"2021-08-25T13:13:48","slug":"tag-des-kinos-17","status":"publish","type":"lm_events","link":"https:\/\/www.lanterne-magique.org\/de\/events\/tag-des-kinos-17\/","title":{"rendered":"Tag des Kinos mit der Zauberlaterne"},"content":{"rendered":"<p>Am Sonntag, 3. September ist der Allianz Tag des Kinos, und alle Filme k\u00f6nnen an diesem Tag f\u00fcr nur 5.- genossen werden. Die Zauberlaterne l\u00e4dt dich und deine Eltern zu diesem Anlass an die Vorpremiere von \u00abBigfoot Junior\u00bb ein, ein witziger und abenteuerreicher Animationsfilm, in welchem ein kleiner Junge in einem wilden Wald auf seinen drolligen Vater trifft.<\/p>\n<p><strong>Sonntag, 3. September<\/strong><br \/>\n13.30 Uhr, Kino Lido 2, Biel<br \/>\n14.00 Uhr, cineBubenberg, Bern<\/p>\n<p><strong>Eintritt: 5.- CHF pro Person<\/strong><\/p>\n<p>Der belgische Regisseur Ben Stassen, der auch bereits den tollen Animationsfilm \u00abSammys Abenteuer\u00bb rund um die mutige Schildkr\u00f6te realisiert hat, taucht nun in den Jungel ein, um dort auf eine Sagenumworbene Kreatur zu treffen: der haarige Bigfoot, der sogar mit den Tieren sprechen kann!<\/p>\n<p>Vor den Vorstellungen werden jeweils die GewinnerInnen des Wettbewerbs \u00abZeichne das Kino deiner Tr\u00e4ume\u00bb gek\u00fcrt und erhalten filmreife Gewinne! Vor oder nach der Vorstellung in Bern kannst du auch witzige kinematographische Spiele basteln&#8230;<\/p>\n<p>Finde alle Informationen zum Tag des Kinos <a href=\"https:\/\/www.allianz-tagdeskinos.ch\/de\" target=\"_blank\" rel=\"noopener noreferrer\">hier<\/a>.<\/p>\n","protected":false},"excerpt":{"rendered":"<p><strong>Am Sonntag, 3. September ist der Allianz Tag des Kinos, und alle Filme k\u00f6nnen an diesem Tag f\u00fcr nur 5.- genossen werden.<\/strong> Die Zauberlaterne l\u00e4dt dich und deine Eltern zu diesem Anlass an die Vorpremiere von \u00abBigfoot Junior\u00bb ein, ein witziger und abenteuerreicher Animationsfilm.<\/p>\n","protected":false},"author":8,"featured_media":37170,"template":"","class_list":["post-26390","lm_events","type-lm_events","status-publish","has-post-thumbnail","hentry"],"acf":{"start_date":"20170903","date_texte":"Sonntag, 3. September 2017","location":"Biel und Bern","intro":"Die Zauberlaterne feiert das Kino mit einer grossen Vorpremiere!","subtitle":"Bigfoot Junior","bg_color":"saumon","sidebar_title":"","sidebar_content":"","sidebar_image":false},"_links":{"self":[{"href":"https:\/\/www.lanterne-magique.org\/de\/wp-json\/wp\/v2\/lm_events\/26390","targetHints":{"allow":["GET"]}}],"collection":[{"href":"https:\/\/www.lanterne-magique.org\/de\/wp-json\/wp\/v2\/lm_events"}],"about":[{"href":"https:\/\/www.lanterne-magique.org\/de\/wp-json\/wp\/v2\/types\/lm_events"}],"author":[{"embeddable":true,"href":"https:\/\/www.lanterne-magique.org\/de\/wp-json\/wp\/v2\/users\/8"}],"version-history":[{"count":4,"href":"https:\/\/www.lanterne-magique.org\/de\/wp-json\/wp\/v2\/lm_events\/26390\/revisions"}],"predecessor-version":[{"id":50368,"href":"https:\/\/www.lanterne-magique.org\/de\/wp-json\/wp\/v2\/lm_events\/26390\/revisions\/50368"}],"wp:featuredmedia":[{"embeddable":true,"href":"https:\/\/www.lanterne-magique.org\/de\/wp-json\/wp\/v2\/media\/37170"}],"wp:attachment":[{"href":"https:\/\/www.lanterne-magique.org\/de\/wp-json\/wp\/v2\/media?parent=26390"}],"curies":[{"name":"wp","href":"https:\/\/api.w.org\/{rel}","templated":true}]}}

<p>Am Sonntag, 3. September ist der Allianz Tag des Kinos, und alle Filme können an diesem Tag für nur 5.- genossen werden. Die Zauberlaterne lädt dich und deine Eltern zu diesem Anlass an die Vorpremiere von «Bigfoot Junior» ein, ein witziger und abenteuerreicher Animationsfilm, in welchem ein kleiner Junge in einem wilden Wald auf seinen drolligen Vater trifft.</p>
<p><strong>Sonntag, 3. September</strong><br />
13.30 Uhr, Kino Lido 2, Biel<br />
14.00 Uhr, cineBubenberg, Bern</p>
<p><strong>Eintritt: 5.- CHF pro Person</strong></p>
<p>Der belgische Regisseur Ben Stassen, der auch bereits den tollen Animationsfilm «Sammys Abenteuer» rund um die mutige Schildkröte realisiert hat, taucht nun in den Jungel ein, um dort auf eine Sagenumworbene Kreatur zu treffen: der haarige Bigfoot, der sogar mit den Tieren sprechen kann!</p>
<p>Vor den Vorstellungen werden jeweils die GewinnerInnen des Wettbewerbs «Zeichne das Kino deiner Träume» gekürt und erhalten filmreife Gewinne! Vor oder nach der Vorstellung in Bern kannst du auch witzige kinematographische Spiele basteln&#8230;</p>
<p>Finde alle Informationen zum Tag des Kinos <a href="https://www.allianz-tagdeskinos.ch/de" target="_blank" rel="noopener noreferrer">hier</a>.</p>

<p><strong>Am Sonntag, 3. September ist der Allianz Tag des Kinos, und alle Filme können an diesem Tag für nur 5.- genossen werden.</strong> Die Zauberlaterne lädt dich und deine Eltern zu diesem Anlass an die Vorpremiere von «Bigfoot Junior» ein, ein witziger und abenteuerreicher Animationsfilm.</p>
